{"version":"1.0","provider_name":"Activ","provider_url":"https:\/\/activ.at\/sr\/","author_name":"activ","author_url":"https:\/\/activ.at\/sr\/author\/activ\/","title":"ACTIV na konferenciji Electrify Europe - Activ","type":"rich","width":600,"height":338,"html":"<blockquote class=\"wp-embedded-content\" data-secret=\"CEmyeCCRoo\"><a href=\"https:\/\/activ.at\/sr\/vijesti\/activ-na-konferenciji-electrify-europe\/\">ACTIV na konferenciji Electrify Europe<\/a><\/blockquote><iframe sandbox=\"allow-scripts\" security=\"restricted\" src=\"https:\/\/activ.at\/sr\/vijesti\/activ-na-konferenciji-electrify-europe\/embed\/#?secret=CEmyeCCRoo\" width=\"600\" height=\"338\" title=\"&#132;ACTIV na konferenciji Electrify Europe&#147; &#8212; Activ\" data-secret=\"CEmyeCCRoo\" frameborder=\"0\" marginwidth=\"0\" marginheight=\"0\" scrolling=\"no\" class=\"wp-embedded-content\"><\/iframe><script type=\"text\/javascript\">\n\/* <![CDATA[ *\/\n\/*! This file is auto-generated *\/\n!function(d,l){\"use strict\";l.querySelector&&d.addEventListener&&\"undefined\"!=typeof URL&&(d.wp=d.wp||{},d.wp.receiveEmbedMessage||(d.wp.receiveEmbedMessage=function(e){var t=e.data;if((t||t.secret||t.message||t.value)&&!\/[^a-zA-Z0-9]\/.test(t.secret)){for(var s,r,n,a=l.querySelectorAll('iframe[data-secret=\"'+t.secret+'\"]'),o=l.querySelectorAll('blockquote[data-secret=\"'+t.secret+'\"]'),c=new RegExp(\"^https?:$\",\"i\"),i=0;i<o.length;i++)o[i].style.display=\"none\";for(i=0;i<a.length;i++)s=a[i],e.source===s.contentWindow&&(s.removeAttribute(\"style\"),\"height\"===t.message?(1e3<(r=parseInt(t.value,10))?r=1e3:~~r<200&&(r=200),s.height=r):\"link\"===t.message&&(r=new URL(s.getAttribute(\"src\")),n=new URL(t.value),c.test(n.protocol))&&n.host===r.host&&l.activeElement===s&&(d.top.location.href=t.value))}},d.addEventListener(\"message\",d.wp.receiveEmbedMessage,!1),l.addEventListener(\"DOMContentLoaded\",function(){for(var e,t,s=l.querySelectorAll(\"iframe.wp-embedded-content\"),r=0;r<s.length;r++)(t=(e=s[r]).getAttribute(\"data-secret\"))||(t=Math.random().toString(36).substring(2,12),e.src+=\"#?secret=\"+t,e.setAttribute(\"data-secret\",t)),e.contentWindow.postMessage({message:\"ready\",secret:t},\"*\")},!1)))}(window,document);\n\/\/# sourceURL=https:\/\/activ.at\/wp-includes\/js\/wp-embed.min.js\n\/* ]]> *\/\n<\/script>\n","thumbnail_url":"https:\/\/activ.at\/wp-content\/uploads\/2018\/06\/Electrify-Europe2.jpg","thumbnail_width":2793,"thumbnail_height":2260,"description":"Konferencija Electrify Europe odr\u017eana je u Be\u010du, a ACTIV Project Management i MHPS Europe su ponovo bili prisutni. Na Electrify Europe, kompetencija i inovacije se spajaju kako bi oblikovali budu\u0107nost energetike na me\u0111unarodnom nivou. Electrify Europe je prvo de\u0161avanje na svetu posve\u0107eno odnosima izme\u0111u proizvodnje elektri\u010dne energije, industrije i sektora distribucije, motivisano digitalizacijom, dekarbonizacijom, decentralizacijom [&hellip;]"}

Konferencija Electrify Europe održana je u Beču, a ACTIV Project Management i MHPS Europe su ponovo bili prisutni. Na Electrify Europe, kompetencija i inovacije se spajaju kako bi oblikovali budućnost energetike na međunarodnom nivou. Electrify Europe je prvo dešavanje na svetu posvećeno odnosima između proizvodnje električne energije, industrije i sektora distribucije, motivisano digitalizacijom, dekarbonizacijom, decentralizacijom [&hellip;]
